{"id":430,"date":"2016-11-11T22:51:03","date_gmt":"2016-11-11T21:51:03","guid":{"rendered":"http:\/\/passagelemonnier.com\/wp\/?page_id=430"},"modified":"2016-12-02T10:41:40","modified_gmt":"2016-12-02T09:41:40","slug":"le-livre-175-ans-au-passage-lemonnier","status":"publish","type":"page","link":"https:\/\/www.passagelemonnier.com\/index.php\/le-livre-175-ans-au-passage-lemonnier\/","title":{"rendered":"Le livre: 175 ans au passage Lemonnier"},"content":{"rendered":"<p><strong><img loading=\"lazy\" decoding=\"async\" class=\"size-full wp-image-431 alignleft\" src=\"http:\/\/passagelemonnier.com\/wp\/wp-content\/uploads\/2016\/11\/livrePL.jpg\" alt=\"livrepl\" width=\"146\" height=\"204\" srcset=\"https:\/\/www.passagelemonnier.com\/wp-content\/uploads\/2016\/11\/livrePL.jpg 146w, https:\/\/www.passagelemonnier.com\/wp-content\/uploads\/2016\/11\/livrePL-106x148.jpg 106w, https:\/\/www.passagelemonnier.com\/wp-content\/uploads\/2016\/11\/livrePL-22x31.jpg 22w, https:\/\/www.passagelemonnier.com\/wp-content\/uploads\/2016\/11\/livrePL-27x38.jpg 27w\" sizes=\"auto, (max-width: 146px) 100vw, 146px\" \/>Publi\u00e9 sous la direction d&rsquo;Olivier Hamal et Jacqueline Remits.<\/strong><\/p>\n<p>D\u00e9couvrez, pour la premi\u00e8re fois, l\u2019histoire compl\u00e8te de la plus ancienne galerie commer\u00e7ante de Belgique, \u00e0 travers de nombreuses anecdotes : de sa construction sur des terrains conquis sur des biez de la Meuse, jusqu\u2019\u00e0 sa premi\u00e8re r\u00e9novation, en passant par les grands moments de la vie de la Cit\u00e9 (inondations, guerres mondiales, essor commercial de l\u2019apr\u00e8s-guerre, etc.). C\u2019est l\u2019histoire d\u2019un v\u00e9ritable quartier au c\u0153ur de la ville : photos et documents exclusifs ou \u00e9tonnants, foisonnent au fil des pages du livre des 175 ans au Passage LEMONNIER.<\/p>\n<p><strong>Soci\u00e9t\u00e9 Civile du Passage Lemonnier, 2014 <\/strong><\/p>\n<p><strong><span class=\"rouge\">\u00a0<span style=\"font-size: 24pt;\">45.00 \u20ac<\/span><\/span><\/strong><\/p>\n<hr \/>\n<p><strong>R\u00e9server\u00a0le Livre:<\/strong><\/p>\n<p>[contact-form-7 id=\u00a0\u00bb598&Prime; title=\u00a0\u00bbCommande Livre Passage Lemonnier\u00a0\u00bb]<\/p>\n<p>&nbsp;<\/p>\n","protected":false},"excerpt":{"rendered":"<p>Publi\u00e9 sous la direction d&rsquo;Olivier Hamal et Jacqueline Remits. D\u00e9couvrez, pour la premi\u00e8re fois, l\u2019histoire compl\u00e8te de la plus ancienne galerie commer\u00e7ante de Belgique, \u00e0 travers de nombreuses anecdotes : de sa construction sur des terrains conquis sur des biez de la Meuse, jusqu\u2019\u00e0 sa premi\u00e8re r\u00e9novation, en passant par les grands moments de la [&hellip;]<\/p>\n","protected":false},"author":1,"featured_media":0,"parent":0,"menu_order":0,"comment_status":"closed","ping_status":"closed","template":"","meta":{"footnotes":""},"class_list":["post-430","page","type-page","status-publish","hentry"],"_links":{"self":[{"href":"https:\/\/www.passagelemonnier.com\/index.php\/wp-json\/wp\/v2\/pages\/430","targetHints":{"allow":["GET"]}}],"collection":[{"href":"https:\/\/www.passagelemonnier.com\/index.php\/wp-json\/wp\/v2\/pages"}],"about":[{"href":"https:\/\/www.passagelemonnier.com\/index.php\/wp-json\/wp\/v2\/types\/page"}],"author":[{"embeddable":true,"href":"https:\/\/www.passagelemonnier.com\/index.php\/wp-json\/wp\/v2\/users\/1"}],"replies":[{"embeddable":true,"href":"https:\/\/www.passagelemonnier.com\/index.php\/wp-json\/wp\/v2\/comments?post=430"}],"version-history":[{"count":10,"href":"https:\/\/www.passagelemonnier.com\/index.php\/wp-json\/wp\/v2\/pages\/430\/revisions"}],"predecessor-version":[{"id":761,"href":"https:\/\/www.passagelemonnier.com\/index.php\/wp-json\/wp\/v2\/pages\/430\/revisions\/761"}],"wp:attachment":[{"href":"https:\/\/www.passagelemonnier.com\/index.php\/wp-json\/wp\/v2\/media?parent=430"}],"curies":[{"name":"wp","href":"https:\/\/api.w.org\/{rel}","templated":true}]}}